omposite?
False
Is 14163143 composite?
False
Is 1419157 a composite number?
False
Is 4358327 a prime number?
True
Is 32055211 a composite number?
False
Is 3183023 prime?
True
Is 6050663 prime?
False
Is 349949671 composite?
False
Is 1080636751 composite?
False
Is 13227437 a composite number?
True
Is 281082223 a prime number?
True
Is 1077787 a prime number?
False
Is 109157 composite?
True
Is 812429 a prime number?
False
Is 4972811 prime?
False
Is 37170223 a composite number?
False
Is 15568109 prime?
False
Is 57570731 a prime number?
True
Is 179784985 a composite number?
True
Is 79251605 composite?
True
Is 261676015 composite?
True
Is 1812449 a composite number?
False
Is 6052721 composite?
True
Is 823159699 a prime number?
True
Is 30462379 composite?
False
Is 64079651 a composite number?
True
Is 19415783 composite?
True
Is 111102331 composite?
False
Is 228651986 a prime number?
False
Is 270026611 composite?
False
Is 5559249 a composite number?
True
Is 10623007 a composite number?
False
Is 992087 prime?
True
Is 7386221 composite?
True
Is 65656169 a prime number?
True
Is 187992659 prime?
True
Is 26806211 a composite number?
False
Is 9749989 prime?
True
Is 1383073 a composite number?
True
Is 221015153 prime?
True
Is 7694929 a prime number?
False
Is 420116611 a prime number?
False
Is 2119391 prime?
False
Is 22594735 prime?
False
Is 20095133 a composite number?
False
Is 12062969 prime?
True
Is 590211109 composite?
False
Is 46783967 a composite number?
True
Is 774955 prime?
False
Is 79993393 a prime number?
False
Is 29046449 prime?
True
Is 77224967 composite?
False
Is 17772697 a prime number?
False
Is 21047171 prime?
False
Is 67232019 composite?
True
Is 79512061 a prime number?
True
Is 33442601 prime?
True
Is 5820181 composite?
True
Is 6130771 composite?
True
Is 4547689 prime?
True
Is 7096919 a composite number?
True
Is 2632813 a composite number?
True
Is 828961 prime?
False
Is 50119 prime?
True
Is 2631461 prime?
False
Is 149351 a composite number?
False
Is 3817263 a prime number?
False
Is 57015001 a prime number?
True
Is 44000249 a prime number?
True
Is 7063 composite?
True
Is 3148741 a composite number?
False
Is 3159347 prime?
False
Is 7616239 a composite number?
False
Is 185205929 a composite number?
False
Is 1156501 a composite number?
False
Is 1116809 a composite number?
False
Is 276079 composite?
False
Is 1453597 a composite number?
False
Is 556526615 prime?
False
Is 227021 prime?
False
Is 31081097 prime?
True
Is 12432683 composite?
False
Is 15599821 a composite number?
True
Is 137479415 composite?
True
Is 14370283 composite?
True
Is 22310419 a prime number?
False
Is 1058639 prime?
True
Is 4583989 a composite number?
False
Is 4731821 a prime number?
True
Is 188653 composite?
False
Is 105097709 composite?
False
Is 9488398 a composite number?
True
Is 16313699 a composite number?
False
Is 1926713 composite?
True
Is 5903903 a prime number?
False
Is 2624839 composite?
True
Is 15213309 composite?
True
Is 63735851 composite?
False
Is 2115605 composite?
True
Is 3638031 a prime number?
False
Is 436217 prime?
True
Is 359837 a prime number?
True
Is 252088355 a prime number?
False
Is 3859439 a composite number?
False
Is 75205227 prime?
False
Is 288302071 prime?
False
Is 19381363 prime?
False
Is 4019563 composite?
True
Is 6150377 a prime number?
True
Is 15496391 a composite number?
False
Is 7835131 composite?
True
Is 14459482 composite?
True
Is 16036637 composite?
False
Is 55587643 a composite number?
False
Is 13832737 a composite number?
False
Is 1199113 composite?
True
Is 13174991 composite?
False
Is 3270571 prime?
True
Is 40144301 a prime number?
True
Is 320696089 prime?
False
Is 1164167 composite?
True
Is 942433 composite?
False
Is 179215453 a prime number?
False
Is 479933 a prime number?
False
Is 28813817 a prime number?
False
Is 9501071 a prime number?
False
Is 3518731 a prime number?
False
Is 21062257 a composite number?
False
Is 85937 a composite number?
True
Is 10221551 a composite number?
False
Is 4741517 prime?
False
Is 1061029 composite?
True
Is 6125233 a prime number?
True
Is 104131 composite?
True
Is 203695061 a composite number?
True
Is 1450181 prime?
False
Is 24124289 composite?
True
Is 141784543 prime?
True
Is 6795067 composite?
False
Is 499267 prime?
True
Is 26536691 composite?
False
Is 9935069 prime?
False
Is 1592299 a composite number?
True
Is 126297781 prime?
False
Is 16667169 prime?
False
Is 4253993 prime?
False
Is 2913541 a prime number?
True
Is 367067 a prime number?
False
Is 33895543 prime?
False
Is 146736001 composite?
False
Is 27985367 prime?
True
Is 815713 prime?
True
Is 76411399 a composite number?
False
Is 3476822 a prime number?
False
Is 44868349 a prime number?
True
Is 2092073 prime?
True
Is 2300131 a prime number?
True
Is 5362897 prime?
True
Is 2165708839 a prime number?
False
Is 154357233 a composite number?
True
Is 800519 composite?
False
Is 83730463 prime?
False
Is 205211 composite?
False
Is 25133 a prime number?
False
Is 312345361 composite?
False
Is 21616393 a prime number?
False
Is 28104007 composite?
False
Is 1650041 a prime number?
True
Is 35599 a prime number?
False
Is 7813041 a composite number?
True
Is 9884107 prime?
True
Is 1615369 a prime number?
False
Is 189652933 prime?
True
Is 156382841 composite?
False
Is 424247 composite?
False
Is 160697657 a prime number?
True
Is 9365137 a composite number?
False
Is 1024021 a composite number?
False
Is 1832827 a prime number?
False
Is 674162 a prime number?
False
Is 10326847 prime?
True
Is 5434003 a composite number?
True
Is 275049851 a composite number?
True
Is 84103771 prime?
False
Is 94490042 a prime number?
False
Is 9088077 a prime number?
False
Is 271532909 a prime number?
False
Is 726387 prime?
False
Is 3100549 a prime number?
True
Is 41231537 a composite number?
False
Is 4193554 a prime number?
False
Is 6611599 prime?
False
Is 20896847 composite?
False
Is 1972447 composite?
True
Is 2877239 a composite number?
False
Is 40088429 composite?
False
Is 23610869 prime?
True
Is 16321127 a composite number?
False
Is 79197233 a composite number?
True
Is 67777613 prime?
True
Is 2031301 prime?
True
Is 2337457 a prime number?
False
Is 45659767 prime?
False
Is 29548319 a prime number?
True
Is 41849873 a composite number?
True
Is 82376249 prime?
False
Is 1251083 a prime number?
True
Is 51899 prime?
True
Is 4780613 a composite number?
True
Is 302346778 a composite number?
True
Is 72613 composite?
False
Is 32951183 a prime number?
False
Is 9685087 a composite number?
True
Is 3407567 composite?
True
Is 47283629 composite?
False
Is 24081193 composite?
True
Is 105571591 a prime number?
False
Is 108467529 a composite number?
True
Is 1074251 prime?
True
Is 1948433 composite?
False
Is 11779109 a composite number?
False
Is 58107583 a composite number?
False
Is 231038429 composite?
False
Is 63992533 composite?
True
Is 1533103259 a composite number?
True
Is 975133 a composite number?
False
Is 2707193 a composite number?
True
Is 9122039 a composite number?
False
Is 35816689 a prime number?
True
Is 8940769 prime?
True
Is 4728853 composite?
True
Is 91200793 composite?
False
Is 4607279 a prime number?
True
Is 332873 composite?
False
Is 24089657 a prime number?
True
Is 60521953 a prime number?
True
Is 15798889 prime?
False
Is 5859571 prime?
False
Is 3518209 prime?
True
Is 10459247 composite?
True
Is 98486335 a composite number?
True
Is 316673833 composite?
True
Is 2123439 composite?
True
Is 14807293 a composite number?
False
Is 1132861 a composite number?
False
Is 126279503 a composite number?
True
Is 13241 a composite number?
False
Is 6451589 a composite number?
True
Is 23721099 a composite number?
True
Is 20965237 composite?
True
Is 55661 a composite number?
False
Is 78552083 prime?
True
Is 1592917 a composite number?
True
Is 1105901 composite?
True
Is 250259657 a composite number?
False
Is 265061137 prime?
False
Is 477418807 composite?
True
Is 27433493 a prime number?
True
Is 340102097 prime?
True
Is 34560967 a composite number?
True
Is 82674707 composite?
False
Is 7457797 a composite number?
False
Is 16232731 composite?
False
Is 26354219 a prime number?
True
Is 71105 a composite number?
True
Is 1623701 prime?
True
Is 8905337 a composite number?
True
Is 5218417 composite?
False
Is 16842467 